e 0 = 6*h - 3933 + f. What are the prime factors of h?
2, 3, 71
Let m be (-4*2)/(-2) + 64/(-32). Let y(k) = k**2 - k + 2. Let j be y(m). List the prime factors of 130/j - (-9)/(-18).
2
Suppose 4*r - 336 = -2*h, 56*h - 59*h = 3*r - 495. What are the prime factors of h?
2, 3
Let r be ((-4254)/12 + -3)/((-3)/6). Let q = 1038 - r. What are the prime factors of q?
17, 19
List the prime factors of -5699*(-8 - (-2 + -4)) - (-1 + -4).
3, 7, 181
Let i be (-13)/(-78) + 31/(-6). Let o(z) = -20*z + 21. List the prime factors of o(i).
11
Suppose a = 250 + 31. Let q = a + -424. List the prime factors of 0/(-2) - (q - -6).
137
Suppose 60861 = 14*c - 18015. List the prime factors of c.
2, 3, 313
Let p(a) = 116*a**2 + 17*a + 5. Suppose -18 = 3*u + 3*h, -3*u + 4*h = -6*u - 22. List the prime factors of p(u).
3, 5, 29
Suppose 4*y - a = 71071, -y + 17253 = -4*a - 496. List the prime factors of y.
3, 5923
Suppose c = 4*n + 983, 125 = -c - 5*n + 1072. Suppose -6*d + c = 91. Let w = -23 + d. List the prime factors of w.
3, 41
Let p(d) = 90*d**2 - 165*d + 1338. List the prime factors of p(8).
2, 3, 107
Let r(z) = -2*z - 8*z - 2 - 8 + z**2. Let d be r(11). What are the prime factors of d + 3 + 11*14?
2, 79
What are the prime factors of 199089/9*(3 - (2 + 0))?
11, 2011
Suppose -49 = -2*f - 5*u, -2*u + u = -4*f + 131. Let b be (-8)/(-2 - f/(-12)). List the prime factors of 4/(b/(-201)) + 1.
2, 17
Let t(u) = 30*u**2 + 51*u - 90. List the prime factors of t(3).
3, 37
Let p(c) = -4*c + 84. Let a be p(16). Suppose 6*r = -a*r + 9854. What are the prime factors of r?
379
Let n = -155 + 135. List the prime factors of (146/8)/((-5)/n).
73
Let w = -2837 - -5390. List the prime factors of w.
3, 23, 37
Let x(z) = 5*z - 14. Let r be x(4). Suppose r*n = -2*n + 928. Suppose -n - 23 = -h - p, 4*h - 551 = -3*p. What are the prime factors of h?
2, 67
Let y(o) = -9*o + 109. Let x be y(13). Let v(d) = -28*d + 46. What are the prime factors of v(x)?
2, 3, 5
Suppose 30*o = -50 - 100. List the prime factors of ((-64)/(-80))/(2/(-83))*o.
2, 83
Let r(f) = -8*f**3 - 2*f**2 + 3*f + 6. Let l(q) = q**3 - 14*q**2 + 12*q + 10. Let p be l(13). List the prime factors of r(p).
3, 5, 13
What are the prime factors of 4693/((-4*1*(-8)/32)/3)?
3, 13, 19
Suppose 4*q = 12, -10*q - 47 = 4*x - 15*q. What are the prime factors of ((-5316)/(-18))/(x/(-36))?
3, 443
Let n = -318 - -313. List the prime factors of (-3)/(-12) + 143*n/(-20).
2, 3
Suppose -6*n + 9*n + 40 = -5*c, 0 = n - c. Let l(a) = a**3 + 4*a**2 - 10*a + 4. List the prime factors of l(n).
29
Let g = -254 + 263. Let t(l) = 67*l + 36. What are the prime factors of t(g)?
3, 71
Let i(p) = -p**3 - 3*p**2 + 3*p - 8. Let d be i(-4). What are the prime factors of -19*(d + 1 + 2)?
19
Let j(i) = 42*i**3 - 2*i**2 + i + 3. Let c be j(1). Let z = 229 + c. List the prime factors of z.
3, 7, 13
Let r = 2380 - 1412. Suppose -8*d + 6*d = 2*t - r, -5*t - 3*d + 2422 = 0. List the prime factors of t.
5, 97
Suppose 3*w = 2*b, -2*b = -17*w + 12*w. Suppose -622*z + 623*z - 540 = w. List the prime factors of z.
2, 3, 5
Let z = -64 - -65. Let g be (3 - 49)/(z + (-10)/8). Let r = 307 - g. List the prime factors of r.
3, 41
Let y = 41 + -43. Let k be (-1)/(y/(-5) + (-9)/10). Suppose 4*a = -3*r + 96 + 296, k*a = r - 144. What are the prime factors of r?
2, 17
List the prime factors of (42/10 - 9/45) + 7478.
2, 3, 29, 43
Let w(u) = 9*u**2 - 3*u + 6. Let m be w(-4). Suppose 2*z + m - 310 = 0. What are the prime factors of z?
2, 37
Let b(r) = -53*r - 905. List the prime factors of b(-32).
7, 113
Let g = -24120 + 35908. What are the prime factors of g?
2, 7, 421
Suppose -49*h = 29*h - 1333332. What are the prime factors of h?
2, 3, 7, 11, 37
Let p(w) = -w**3 + 23*w**2 - 12*w - 19. Let r be p(21). Let x = -293 + r. List the prime factors of x.
2, 3, 53
Let c be (-59 - 0)*1*10. Let d be c/(-3)*24/5. List the prime factors of (-1)/(-3 - d/(-316)).
79
Suppose 0 = -4*c - 5*k - 7, -4*c + 5*c + 2*k = -4. Suppose r = t + c, 0*r - 14 = -2*r + 4*t. List the prime factors of ((-56)/(-12))/(r/(-9)).
2, 7
Let n(z) = -354*z**3 + 9*z**2 + 18*z + 2. What are the prime factors of n(-3)?
9587
Let g(s) = 61*s - 122. Let w be g(16). Let b = w + -386. What are the prime factors of b?
2, 3, 13
Let w(c) = 275*c - 5391. What are the prime factors of w(119)?
2, 79, 173
Let s(t) = t**3 + 13*t**2 + 11*t - 9. Let p be s(-12). Suppose -14 = -m - 5*b, -2*m + 10 + 18 = p*b. Suppose -2232 = 5*g - m*g. What are the prime factors of g?
2, 31
Suppose -3*k = -0*k - 2*l - 7, -k + 3*l = 7. Suppose -k*z + 20*z = 2115. Let t = 36 + z. List the prime factors of t.
3, 59
Let i = -80 - -39. Let b be i/5 + (-2)/(-30)*3. What are the prime factors of b/(-52) - ((-1207)/13 - -1)?
2, 23
Suppose -30*b + 18 = -33*b. Let m(j) = -2*j**2 - 15*j - 15. Let r be m(b). Suppose 5*s = r*s + 38. List the prime factors of s.
19
Let p(l) = l**2 + 18*l - 14. Let n be p(-19). Suppose n*w + 20 = v, 23 + 27 = -5*v - 5*w. What are the prime factors of (52/1)/(v/(-10))?
2, 13
Suppose -7*q + 5*b = -2*q - 60, -2 = b. Suppose 0*w - 2*w + c + 59 = 0, w - c - 30 = 0. Let p = w - q. What are the prime factors of p?
19
What are the prime factors of 1/2*(53 - -44701)?
3, 7459
Suppose 7*h - 60 = -5*h. Suppose h*l - 5*l = l. Suppose 3*f + 3*f - 654 = l. What are the prime factors of f?
109
Suppose -6*x - 10815 = -21*x. What are the prime factors of x?
7, 103
Suppose -2*z + 74429 = -2*q + 18217, 2*z + 4*q - 56170 = 0. What are the prime factors of z?
28099
Let p(q) = 36*q - 1684*q**3 - 4 + 1683*q**3 - 59 - 8 + 22*q**2. List the prime factors of p(22).
7, 103
Let n = 1276 + -315. Let p = 1466 - n. What are the prime factors of p?
5, 101
Let m = -151 + 170. Let p(k) = k**2 - 5*k - 13. List the prime factors of p(m).
11, 23
Let v = 453 + 879. Suppose -4*m + m - 2*j + 794 = 0, -j - v = -5*m. List the prime factors of m.
2, 7, 19
Let p(d) = -1653*d**3 + 54*d**2 + 113*d - 4. What are the prime factors of p(-2)?
2, 5, 1321
Suppose 0 = -2*g - 0*v - v - 1833, -4605 = 5*g - 5*v. Suppose 23*h + 4*c = 27*h + 36, 2*c = -h + 6. What are the prime factors of g/(-33) - h/22?
2, 7
Let w(x) = -2*x**2 - 7*x + 183. Let t be w(8). What are the prime factors of ((-72)/(-45))/(t/(-120))?
2, 3
Suppose 0 = -3*h - 37 + 43. Suppose 25*r = h*r + 23851. List the prime factors of r.
17, 61
Suppose -3*i - 2*m = -60103, 5*i + 9*m = 4*m + 100180. List the prime factors of i.
3, 11, 607
Let c be (-2 - (-1)/(-2))/((-1)/(-18)). Let w be (-28 + -2)*18/c. Suppose -w*b + 98 = -202. List the prime factors of b.
5
Let b = 7 + -10. Let a be (-1)/3 - 10/b. Suppose 315 = 4*v + a*v. List the prime factors of v.
3, 5
List the prime factors of (251176*14/(-364))/(16/(-104)).
2, 31397
Let v(t) = -2493*t**3 - 20*t**2 + 23*t + 34. Let k(r) = -831*r**3 - 7*r**2 + 8*r + 12. Let b(p) = 17*k(p) - 6*v(p). What are the prime factors of b(1)?
2, 5, 83
List the prime factors of (-69)/(10 - 142928/14288).
19, 23, 47
Let f(s) = -3*s + 7. Suppose 8 = -3*i - 5*y - 11, -y = 5. Let b be f(i). List the prime factors of b/((2 + 28/(-12))/(-31)).
3, 31
Let a = -34 + 26. Let n be 30/240 + (-1047)/a. Let t = n + -5. What are the prime factors of t?
2, 3, 7
Suppose -k - 143495 = -5*g, 665 + 56745 = 2*g + 2*k. List the prime factors of g.
2, 5, 7, 41
What are the prime factors of (-722)/(-5)*-7*(-10)/28?
19
Suppose -44514 = -5*j - 87*y + 86*y, 2*j = 4*y + 17810. List the prime factors of j.
29, 307
Suppose -z - 1330 - 430 = 0. Let c = z - -2625. List the prime factors of c.
5, 173
Let g(i) = -i**3 + 9*i**2 - 7*i + 11. Let a(u) be the third derivative of u**5/60 + u**4/12 + 2*u**2. Let v be a(-4). List the prime factors of g(v).
19
Let o = 47 - 43. Suppose 2*u + 12*n = 10*n + 830, 3*u + o*n - 1245 = 0. List the prime factors of u.
5, 83
Suppose -4*s = -3*a - 19, -a - 2 + 1 = 0. Suppose 5*w - s = 4*u - 0*w, -4*w = 0. What are the prime factors of (1104/(-10))/6*5*u?
2, 23
Suppose 5*f = 5*k + 15, 2*f - 2*k = -2*f + 16. Suppose -z = -2*n + 423, -3*n + 262 = f*z - 366. List the prime factors of n.
211
Let n(h) = 141*h**2 - 29*h - 69. List the prime factors of n(-3).
3, 11, 13
Suppose 4*v = 2*c - 1690, 3*v - 672 = 4*c - 1932. Let s(a) = -a**2 + 19*a + 62. Let i be s(22). What are the prime factors of v/20*10/i?
53
Suppose -19091